ate the remainder when 73230 is divided by 80.
30
What is the remainder when 3226 is divided by 3205?
21
Calculate the remainder when 14629 is divided by 431.
406
What is the remainder when 6413 is divided by 817?
694
Calculate the remainder when 223018 is divided by 135.
133
What is the remainder when 1943 is divided by 948?
47
What is the remainder when 1502 is divided by 215?
212
What is the remainder when 35144 is divided by 627?
32
What is the remainder when 24148 is divided by 36?
28
Calculate the remainder when 254909 is divided by 14.
11
Calculate the remainder when 15137 is divided by 940.
97
What is the remainder when 131723 is divided by 192?
11
Calculate the remainder when 1391 is divided by 63.
5
What is the remainder when 973 is divided by 874?
99
Calculate the remainder when 747617 is divided by 74760.
17
Calculate the remainder when 773 is divided by 75.
23
What is the remainder when 833 is divided by 825?
8
What is the remainder when 2437 is divided by 317?
218
Calculate the remainder when 8298 is divided by 80.
58
Calculate the remainder when 2179 is divided by 1072.
35
What is the remainder when 184043 is divided by 192?
107
What is the remainder when 6929 is divided by 6911?
18
Calculate the remainder when 3330 is divided by 14.
12
Calculate the remainder when 8055 is divided by 63.
54
What is the remainder when 5752 is divided by 624?
136
Calculate the remainder when 52131 is divided by 436.
247
What is the remainder when 13014 is divided by 271?
6
What is the remainder when 1313 is divided by 37?
18
Calculate the remainder when 2356 is divided by 1165.
26
What is the remainder when 13184 is divided by 627?
17
Calculate the remainder when 899117 is divided by 66.
65
What is the remainder when 221146 is divided by 5669?
55
What is the remainder when 78050 is divided by 78024?
26
Calculate the remainder when 83024 is divided by 18.
8
Calculate the remainder when 1624002 is divided by 151.
148
Calculate the remainder when 4407 is divided by 1294.
525
What is the remainder when 8538 is divided by 568?
18
What is the remainder when 213403 is divided by 106700?
3
Calculate the remainder when 7374 is divided by 732.
54
Calculate the remainder when 2230408 is divided by 182.
180
Calculate the remainder when 22210 is divided by 764.
54
Calculate the remainder when 6652 is divided by 3.
1
Calculate the remainder when 82900 is divided by 172.
168
Calculate the remainder when 1728 is divided by 217.
209
Calculate the remainder when 2137 is divided by 531.
13
Calculate the remainder when 972 is divided by 626.
346
Calculate the remainder when 37679 is divided by 12555.
14
Calculate the remainder when 27486 is divided by 886.
20
Calculate the remainder when 19124 is divided by 6367.
23
What is the remainder when 78245 is divided by 3555?
35
What is the remainder when 25575 is divided by 398?
103
Calculate the remainder when 264517 is divided by 291.
289
What is the remainder when 72275 is divided by 25?
0
What is the remainder when 12863 is divided by 82?
71
What is the remainder when 520 is divided by 102?
10
What is the remainder when 170474 is divided by 211?
197
What is the remainder when 1186766 is divided by 85?
81
What is the remainder when 145287 is divided by 28?
23
What is the remainder when 8225 is divided by 57?
17
What is the remainder when 4861 is divided by 64?
61
What is the remainder when 14959 is divided by 27?
1
What is the remainder when 292254 is divided by 19483?
9
What is the remainder when 10924 is divided by 2726?
20
What is the remainder when 34658 is divided by 236?
202
What is the remainder when 109647 is divided by 199?
197
What is the remainder when 59688 is divided by 59644?
44
What is the remainder when 6287 is divided by 1571?
3
What is the remainder when 18420 is divided by 271?
263
Calculate the remainder when 26801 is divided by 41.
28
Calculate the remainder when 7614 is divided by 1337.
929
Calculate the remainder when 9550 is divided by 63.
37
Calculate the remainder when 7208 is divided by 1028.
12
Calculate the remainder when 380734 is divided by 18.
16
What is the remainder when 2295 is divided by 44?
7
Calculate the remainder when 704130 is divided by 704126.
4
What is the remainder when 46782 is divided by 11691?
18
Calculate the remainder when 15730 is divided by 156.
130
Calculate the remainder when 285934 is divided by 31767.
31
What is the remainder when 569612 is divided by 161?
155
Calculate the remainder when 76073 is divided by 186.
185
What is the remainder when 19753 is divided by 3922?
143
Calculate the remainder when 2311 is divided by 305.
176
What is the remainder when 370250 is divided by 499?
491
Calculate the remainder when 171980 is divided by 21497.
4
What is the remainder when 78931 is divided by 123?
88
Calculate the remainder when 141219 is divided by 307.
306
Calculate the remainder when 26229 is divided by 215.
214
What is the remainder when 4518 is divided by 1547?
1424
Calculate the remainder when 29976 is divided by 14966.
44
What is the remainder when 509213 is divided by 32?
29
Calculate the remainder when 5028 is divided by 759.
474
What is the remainder when 13604 is divided by 395?
174
Calculate the remainder when 11517 is divided by 96.
93
Calculate the remainder when 2855 is divided by 254.
61
What is the remainder when 2424545 is divided by 354?
353
Calculate the remainder when 80405 is divided by 374.
369
Calculate the remainder when 61019 is divided by 57.
29
Calculate the remainder when 5601 is divided by 111.
51
Calculate the remainder when 35152 is divided by 89.
86
What is the remainder when 7396 is divided by 116?
88
What is the remainder when 2669 is divided by 665?
9
Calculate the remainder when 25448 is divided by 90.
68
Calculate the remainder when 35471 is divided by 351.
20
Calculate the remainder when 83753 is divided by 94.
93
Calculate the remainder when 505 is divided by 498.
7
Calculate the remainder when 846 is divided by 420.
6
Calculate the remainder when 60736 is divided by 1413.
1390
What is the remainder when 7284 is divided by 564?
516
What is the remainder when 4386 is divided by 1113?
1047
What is the remainder when 15887 is divided by 429?
14
Calculate the remainder when 7766 is divided by 646.
14
Calculate the remainder when 10485 is divided by 1157.
72
Calculate the remainder when 16054 is divided by 1337.
10
What is the remainder when 831 is divided by 80?
31
What is the remainder when 166949 is divided by 1184?
5
What is the remainder when 76410 is divided by 19088?
58
Calculate the remainder when 468059 is divided by 76.
51
What is the remainder when 9010 is divided by 139?
114
What is the remainder when 903 is divided by 89?
13
Calculate the remainder when 2421 is divided by 585.
81
What is the remainder when 74755 is divided by 6222?
91
Calculate the remainder when 2567 is divided by 1276.
15
What is the remainder when 4126 is divided by 1372?
10
Calculate the remainder when 510 is divided by 391.
119
What is the remainder when 7391 is divided by 141?
59
What is the remainder when 80501 is divided by 8944?
5
Calculate the remainder when 111683 is divided by 85.
78
What is the remainder when 75432 is divided by 129?
96
What is the remainder when 7693 is divided by 429?
400
What is the remainder when 4143 is divided by 2064?
15
Calculate the remainder when 49586 is divided by 24766.
54
What is the remainder when 393209 is divided by 51?
50
What is the remainder when 106778 is divided by 16?
10
Calculate the remainder when 895 is divided by 681.
214
Calculate the remainder when 6471 is divided by 950.
771
Calculate the remainder when 5254 is divided by 1303.
42
Calculate the remainder when 103907 is divided by 873.
20
What is the remainder when 16408 is divided by 56?
0
Calculate the remainder when 5537 is divided by 2659.
219
What is the remainder when 2734 is divided by 309?
262
What is the remainder when 22912 is divided by 22783?
129
What is the remainder when 28528 is divided by 6?
4
What is the remainder when 28820 is divided by 4796?
44
Calculate the remainder when 45097 is divided by 22.
19
Calculate the remainder when 2400 is divided by 182.
34
Calculate the remainder when 910942 is divided by 2266.
10
Calculate t